alse
Is 113 even?
False
Is 6289 a multiple of 19?
True
Is 9 a factor of 9666?
True
Does 20 divide 2540?
True
Is 12 a factor of 562?
False
Does 18 divide 1044?
True
Does 13 divide 1131?
True
Is 13 a factor of 5889?
True
Does 49 divide 624?
False
Is 181 a factor of 20094?
False
Is 33 a factor of 21318?
True
Does 23 divide 18561?
True
Is 41 a factor of 1025?
True
Is 42 a factor of 7854?
True
Does 404 divide 150288?
True
Is 6551 a multiple of 46?
False
Does 31 divide 5332?
True
Is 1514 a multiple of 11?
False
Is 900 a multiple of 4?
True
Is 11 a factor of 13387?
True
Is 35425 a multiple of 10?
False
Is 317 a factor of 22328?
False
Does 55 divide 72160?
True
Does 8 divide 13744?
True
Is 10 a factor of 10400?
True
Is 488 a multiple of 7?
False
Is 13 a factor of 156?
True
Is 75 a factor of 3075?
True
Is 1848 a multiple of 10?
False
Does 12 divide 550?
False
Is 3726 a multiple of 13?
False
Is 12 a factor of 319?
False
Does 6 divide 6714?
True
Is 1035 a multiple of 84?
False
Does 57 divide 303?
False
Does 3 divide 1821?
True
Does 30 divide 10890?
True
Is 9365 a multiple of 124?
False
Is 147 a factor of 5733?
True
Does 23 divide 69046?
True
Does 53 divide 9169?
True
Does 43 divide 1677?
True
Is 6 a factor of 11108?
False
Does 9 divide 1617?
False
Is 17 a factor of 31570?
False
Does 52 divide 3498?
False
Does 54 divide 8100?
True
Is 6177 a multiple of 71?
True
Does 5 divide 57?
False
Is 121 a factor of 726?
True
Is 7 a factor of 1918?
True
Is 17576 a multiple of 104?
True
Does 14 divide 126?
True
Is 1662 a multiple of 23?
False
Does 8 divide 1136?
True
Is 47 a factor of 7611?
False
Does 66 divide 548?
False
Is 11 a factor of 8041?
True
Is 79030 a multiple of 35?
True
Is 9328 a multiple of 11?
True
Is 2 a factor of 18?
True
Is 5904 a multiple of 10?
False
Is 22881 a multiple of 14?
False
Does 21 divide 848?
False
Is 65 a factor of 2535?
True
Is 147 a multiple of 16?
False
Is 1647 a multiple of 4?
False
Does 12 divide 2977?
False
Does 48 divide 7398?
False
Is 9 a factor of 108?
True
Is 22735 a multiple of 9?
False
Is 10864 a multiple of 8?
True
Is 11 a factor of 736?
False
Is 216 a factor of 49032?
True
Is 4 a factor of 5118?
False
Is 8 a factor of 12768?
True
Does 93 divide 4901?
False
Is 10505 a multiple of 191?
True
Is 51287 a multiple of 11?
False
Is 2663 a multiple of 11?
False
Is 32 a factor of 9588?
False
Is 28434 a multiple of 220?
False
Does 15 divide 1033?
False
Is 57 a factor of 11400?
True
Is 10 a factor of 13320?
True
Is 204 a factor of 1020?
True
Is 7 a factor of 8869?
True
Is 1521 a multiple of 39?
True
Does 32 divide 384?
True
Is 104 a factor of 1768?
True
Is 3 a factor of 15851?
False
Is 2573 a multiple of 32?
False
Is 3634 a multiple of 79?
True
Does 78 divide 1665?
False
Is 21 a factor of 546?
True
Does 68 divide 3841?
False
Is 1033 a multiple of 30?
False
Does 154 divide 36036?
True
Does 67 divide 15879?
True
Is 22483 a multiple of 3?
False
Does 72 divide 2283?
False
Is 21 a factor of 2352?
True
Does 39 divide 102419?
False
Is 1213 a multiple of 43?
False
Is 5 a factor of 1064?
False
Does 7 divide 5881?
False
Is 52 a factor of 93?
False
Does 17 divide 51?
True
Is 4 a factor of 842?
False
Does 91 divide 3003?
True
Is 108 a factor of 4320?
True
Does 70 divide 122?
False
Is 5761 a multiple of 12?
False
Is 16979 a multiple of 80?
False
Is 33 a multiple of 33?
True
Is 32 a multiple of 32?
True
Is 4619 a multiple of 31?
True
Is 16 a factor of 1429?
False
Does 10 divide 500?
True
Is 6 a factor of 1716?
True
Is 4 a factor of 472?
True
Is 22414 a multiple of 119?
False
Does 6 divide 1428?
True
Is 23849 a multiple of 92?
False
Is 8601 a multiple of 5?
False
Is 4340 a multiple of 10?
True
Is 12662 a multiple of 13?
True
Is 23478 a multiple of 182?
True
Is 13 a factor of 9399?
True
Is 468 a multiple of 4?
True
Does 25 divide 1000?
True
Is 20 a factor of 5828?
False
Does 34 divide 3625?
False
Is 5340 a multiple of 6?
True
Does 12 divide 20801?
False
Is 4352 a multiple of 8?
True
Is 1529 even?
False
Is 43420 a multiple of 6?
False
Does 17 divide 3488?
False
Does 19 divide 2128?
True
Is 8 a factor of 72?
True
Is 4154 a multiple of 62?
True
Does 56 divide 18872?
True
Is 33 a factor of 5067?
False
Does 144 divide 864?
True
Does 15 divide 9869?
False
Is 800 a multiple of 10?
True
Does 58 divide 96?
False
Is 759 a multiple of 33?
True
Does 48 divide 303?
False
Is 1225 a multiple of 14?
False
Is 7619 a multiple of 13?
False
Does 2 divide 68?
True
Does 22 divide 814?
True
Is 6 a factor of 30?
True
Does 23 divide 14766?
True
Does 18 divide 1152?
True
Is 900 a multiple of 65?
False
Does 13 divide 27898?
True
Does 10 divide 1050?
True
Is 20 a factor of 3160?
True
Is 36 a factor of 8292?
False
Is 46 a factor of 11709?
False
Does 22 divide 32164?
True
Is 5 a factor of 2975?
True
Is 10 a factor of 40?
True
Is 1034 a multiple of 22?
True
Does 3 divide 1140?
True
Does 24 divide 787?
False
Is 2376 a multiple of 3?
True
Is 847 a multiple of 67?
False
Is 26 a factor of 787?
False
Is 514 a multiple of 12?
False
Does 11 divide 13053?
False
Is 45 a factor of 193?
False
Is 21 a factor of 848?
False
Is 50 a factor of 100?
True
Does 61 divide 8357?
True
Is 1722 a multiple of 82?
True
Is 807 a multiple of 3?
True
Is 243 a multiple of 37?
False
Is 55 a factor of 22385?
True
Is 10 a factor of 1750?
True
Is 11 a factor of 9944?
True
Does 171 divide 9405?
True
Is 395 a multiple of 41?
False
Does 3 divide 2745?
True
Is 138 a factor of 1380?
True
Is 476 a multiple of 34?
True
Is 21 a factor of 399?
True
Is 9696 a multiple of 101?
True
Is 42 a factor of 7392?
True
Is 16 a factor of 30848?
True
Is 13 a factor of 4758?
True
Does 15 divide 21015?
True
Is 10 a factor of 2718?
False
Does 7 divide 182?
True
Is 20 a factor of 1680?
True
Is 81 a factor of 1458?
True
Does 31 divide 3162?
True
Is 311 a multiple of 67?
False
Is 1485 a multiple of 23?
False
Is 10 a factor of 180?
True
Is 21 a factor of 1743?
True
Is 1053 a multiple of 81?
True
Is 147 a multiple of 38?
False
Is 1367 a multiple of 51?
False
Does 42 divide 5974?
False
Does 16 divide 26281?
False
Is 949 a multiple of 13?
True
Is 23 a factor of 892?
False
Does 169 divide 2261?
False
Is 12 a factor of 504?
True
Is 12 a factor of 14928?
True
Is 3297 a multiple of 12?
False
Is 5 a factor of 42755?
True
Does 9 divide 9225?
True
Is 8395 a multiple of 8?
False
Is 19070 a multiple of 15?
False
Is 4090 a multiple of 56?
False
Does 70 divide 1120?
True
Does 72 divide 3099?
False
Is 31 a factor of 589?
True
Does 5 divide 225?
True
Does 6 divide 6145?
False
Is 20 a factor of 2497?
False
Is 44 even?
True
Is 383 a multiple of 13?
False
Is 948 even?
True
Is 5 a factor of 12420?
True
Is 36 a factor of 9252?
True
Is 87 a multiple of 69?
False
Is 4778 a multiple of 38?
False
Is 8 a factor of 1745?
False
Is 16 a factor of 577?
False
Is 4 a factor of 309?
False
Does 10 divide 228?
False
Is 21073 a multiple of 15?
False
Is 8 a factor of 840?
True
Is 33 a factor of 2541?
True
Does 47 divide 752?
True
Is 300 a multiple of 15?
True
Does 66 divide 2442?
True
Is 2 a factor of 1296?
True
Does 8 divide 5720?
True
Is 7 a factor of 1055?
False
Is 3174 a multiple of 46?
True
Does 34 divide 544?
True
Does 6 divide 12350?
False
Does 105 divide 15136?
False
Is 36984 a multiple of 23?
True
Does 9 divide 631?
False
Is 25 a factor of 625?
True
Is 25 a factor of 750?
True
Does 30 divide 303?
False
Is 33 a factor of 943?
False
Does 25 divide 36825?
True
Is 44252 a multiple of 74?
True
Is 15390 a multiple of 45?
True
Is 103 a factor of 3871?
False
Is 12 a factor of 89?
False
Is 21 a factor of 1533?
True
Is 1440 a multiple of 24?
True
Is 27 a factor of 17091?
True
Is 161 a factor of 79051?
True
Is 18603 a multiple of 27?
True
Does 14 divide 8806?
True
Is 252 a multiple of 9?
True
Is 29 a factor of 2262?
True
Is 2 a factor of 128?
True
Is 15 a factor of 3971?
False
Does 78 divide 546?
True
Is 115 a multiple of 5?
True
Is 105 a factor of 5139?
False
Is 86 a factor of 516?
True
Is 24 a factor of 43679?
False
Is 7248 a multiple of 86?
False
Is 1026 a multiple of 5?
False
Is 112 a multiple of 36?
False
Is 10 a factor of 569?
False
Is 528 a multiple of 12?
True
Does 21 divide 283?
False
Is 372 a multiple of 4?
True
Does 7 divide 728?
True
Is 6160 a multiple of 28?
True
Is